{"id":304,"date":"2019-01-21T22:52:44","date_gmt":"2019-01-21T22:52:44","guid":{"rendered":"http:\/\/www.vekayachtmarine.com\/?page_id=304"},"modified":"2019-01-22T02:05:46","modified_gmt":"2019-01-22T02:05:46","slug":"bas-pervane","status":"publish","type":"page","link":"http:\/\/www.vekayachtmarine.com\/?page_id=304","title":{"rendered":"Ba\u015f Pervane"},"content":{"rendered":"\n<p class=\"has-medium-font-size\"><\/p>\n\n\n\n<ul class=\"wp-block-gallery columns-3 is-cropped\"><li class=\"blocks-gallery-item\"><figure><img loading=\"lazy\" width=\"800\" height=\"800\" src=\"http:\/\/www.vekayachtmarine.com\/wp-content\/uploads\/2019\/01\/16.jpg\" alt=\"\" data-id=\"428\" data-link=\"http:\/\/www.vekayachtmarine.com\/?attachment_id=428\" class=\"wp-image-428\" srcset=\"http:\/\/www.vekayachtmarine.com\/wp-content\/uploads\/2019\/01\/16.jpg 800w, http:\/\/www.vekayachtmarine.com\/wp-content\/uploads\/2019\/01\/16-150x150.jpg 150w, http:\/\/www.vekayachtmarine.com\/wp-content\/uploads\/2019\/01\/16-300x300.jpg 300w, http:\/\/www.vekayachtmarine.com\/wp-content\/uploads\/2019\/01\/16-768x768.jpg 768w, http:\/\/www.vekayachtmarine.com\/wp-content\/uploads\/2019\/01\/16-146x146.jpg 146w, http:\/\/www.vekayachtmarine.com\/wp-content\/uploads\/2019\/01\/16-50x50.jpg 50w, http:\/\/www.vekayachtmarine.com\/wp-content\/uploads\/2019\/01\/16-75x75.jpg 75w, http:\/\/www.vekayachtmarine.com\/wp-content\/uploads\/2019\/01\/16-85x85.jpg 85w, http:\/\/www.vekayachtmarine.com\/wp-content\/uploads\/2019\/01\/16-80x80.jpg 80w\" sizes=\"(max-width: 800px) 100vw, 800px\" \/><\/figure><\/li><li class=\"blocks-gallery-item\"><figure><img loading=\"lazy\" width=\"400\" height=\"260\" src=\"http:\/\/www.vekayachtmarine.com\/wp-content\/uploads\/2019\/01\/caftsman.jpg\" alt=\"\" data-id=\"429\" data-link=\"http:\/\/www.vekayachtmarine.com\/?attachment_id=429\" class=\"wp-image-429\" srcset=\"http:\/\/www.vekayachtmarine.com\/wp-content\/uploads\/2019\/01\/caftsman.jpg 400w, http:\/\/www.vekayachtmarine.com\/wp-content\/uploads\/2019\/01\/caftsman-300x195.jpg 300w, http:\/\/www.vekayachtmarine.com\/wp-content\/uploads\/2019\/01\/caftsman-225x146.jpg 225w, http:\/\/www.vekayachtmarine.com\/wp-content\/uploads\/2019\/01\/caftsman-50x33.jpg 50w, http:\/\/www.vekayachtmarine.com\/wp-content\/uploads\/2019\/01\/caftsman-115x75.jpg 115w\" sizes=\"(max-width: 400px) 100vw, 400px\" \/><\/figure><\/li><li class=\"blocks-gallery-item\"><figure><img loading=\"lazy\" width=\"500\" height=\"500\" src=\"http:\/\/www.vekayachtmarine.com\/wp-content\/uploads\/2019\/01\/SH-420.jpg\" alt=\"\" data-id=\"430\" data-link=\"http:\/\/www.vekayachtmarine.com\/?attachment_id=430\" class=\"wp-image-430\" srcset=\"http:\/\/www.vekayachtmarine.com\/wp-content\/uploads\/2019\/01\/SH-420.jpg 500w, http:\/\/www.vekayachtmarine.com\/wp-content\/uploads\/2019\/01\/SH-420-150x150.jpg 150w, http:\/\/www.vekayachtmarine.com\/wp-content\/uploads\/2019\/01\/SH-420-300x300.jpg 300w, http:\/\/www.vekayachtmarine.com\/wp-content\/uploads\/2019\/01\/SH-420-146x146.jpg 146w, http:\/\/www.vekayachtmarine.com\/wp-content\/uploads\/2019\/01\/SH-420-50x50.jpg 50w, http:\/\/www.vekayachtmarine.com\/wp-content\/uploads\/2019\/01\/SH-420-75x75.jpg 75w, http:\/\/www.vekayachtmarine.com\/wp-content\/uploads\/2019\/01\/SH-420-85x85.jpg 85w, http:\/\/www.vekayachtmarine.com\/wp-content\/uploads\/2019\/01\/SH-420-80x80.jpg 80w\" sizes=\"(max-width: 500px) 100vw, 500px\" \/><\/figure><\/li><\/ul>\n\n\n\n<p style=\"text-align:center\" class=\"has-medium-font-size\"><strong>Side &#8211; Power , Max Power , Craftsman ,marka ba\u015f -k\u0131\u00e7 pervaneleri servis , bak\u0131m , montaj , ikinci el hizmetleri vermekteyiz.<\/strong><\/p>\n","protected":false},"excerpt":{"rendered":"<p>Side &#8211; Power , Max Power , Craftsman ,marka ba\u015f -k\u0131\u00e7 pervaneleri servis , bak\u0131m , montaj , ikinci el hizmetleri vermekteyiz.<\/p>\n","protected":false},"author":1,"featured_media":0,"parent":17,"menu_order":0,"comment_status":"closed","ping_status":"closed","template":"","meta":[],"_links":{"self":[{"href":"http:\/\/www.vekayachtmarine.com\/index.php?rest_route=\/wp\/v2\/pages\/304"}],"collection":[{"href":"http:\/\/www.vekayachtmarine.com\/index.php?rest_route=\/wp\/v2\/pages"}],"about":[{"href":"http:\/\/www.vekayachtmarine.com\/index.php?rest_route=\/wp\/v2\/types\/page"}],"author":[{"embeddable":true,"href":"http:\/\/www.vekayachtmarine.com\/index.php?rest_route=\/wp\/v2\/users\/1"}],"replies":[{"embeddable":true,"href":"http:\/\/www.vekayachtmarine.com\/index.php?rest_route=%2Fwp%2Fv2%2Fcomments&post=304"}],"version-history":[{"count":0,"href":"http:\/\/www.vekayachtmarine.com\/index.php?rest_route=\/wp\/v2\/pages\/304\/revisions"}],"up":[{"embeddable":true,"href":"http:\/\/www.vekayachtmarine.com\/index.php?rest_route=\/wp\/v2\/pages\/17"}],"wp:attachment":[{"href":"http:\/\/www.vekayachtmarine.com\/index.php?rest_route=%2Fwp%2Fv2%2Fmedia&parent=304"}],"curies":[{"name":"wp","href":"https:\/\/api.w.org\/{rel}","templated":true}]}}