{"id":310,"date":"2019-01-21T22:55:34","date_gmt":"2019-01-21T22:55:34","guid":{"rendered":"http:\/\/www.vekayachtmarine.com\/?page_id=310"},"modified":"2019-01-22T02:19:38","modified_gmt":"2019-01-22T02:19:38","slug":"vinc","status":"publish","type":"page","link":"http:\/\/www.vekayachtmarine.com\/?page_id=310","title":{"rendered":"Vin\u00e7"},"content":{"rendered":"\n<ul class=\"wp-block-gallery columns-3 is-cropped\"><li class=\"blocks-gallery-item\"><figure><img loading=\"lazy\" width=\"1024\" height=\"590\" src=\"http:\/\/www.vekayachtmarine.com\/wp-content\/uploads\/2019\/01\/21536-11310117-1024x590.jpg\" alt=\"\" data-id=\"454\" data-link=\"http:\/\/www.vekayachtmarine.com\/?attachment_id=454\" class=\"wp-image-454\" srcset=\"http:\/\/www.vekayachtmarine.com\/wp-content\/uploads\/2019\/01\/21536-11310117-1024x590.jpg 1024w, http:\/\/www.vekayachtmarine.com\/wp-content\/uploads\/2019\/01\/21536-11310117-300x173.jpg 300w, http:\/\/www.vekayachtmarine.com\/wp-content\/uploads\/2019\/01\/21536-11310117-768x442.jpg 768w, http:\/\/www.vekayachtmarine.com\/wp-content\/uploads\/2019\/01\/21536-11310117-254x146.jpg 254w, http:\/\/www.vekayachtmarine.com\/wp-content\/uploads\/2019\/01\/21536-11310117-50x29.jpg 50w, http:\/\/www.vekayachtmarine.com\/wp-content\/uploads\/2019\/01\/21536-11310117-130x75.jpg 130w, http:\/\/www.vekayachtmarine.com\/wp-content\/uploads\/2019\/01\/21536-11310117.jpg 1716w\" sizes=\"(max-width: 1024px) 100vw, 1024px\" \/><figcaption>Nauticexpo<\/figcaption><\/figure><\/li><li class=\"blocks-gallery-item\"><figure><img loading=\"lazy\" width=\"683\" height=\"1024\" src=\"http:\/\/www.vekayachtmarine.com\/wp-content\/uploads\/2019\/01\/21536-12325354-683x1024.jpg\" alt=\"\" data-id=\"455\" data-link=\"http:\/\/www.vekayachtmarine.com\/?attachment_id=455\" class=\"wp-image-455\" srcset=\"http:\/\/www.vekayachtmarine.com\/wp-content\/uploads\/2019\/01\/21536-12325354-683x1024.jpg 683w, http:\/\/www.vekayachtmarine.com\/wp-content\/uploads\/2019\/01\/21536-12325354-200x300.jpg 200w, http:\/\/www.vekayachtmarine.com\/wp-content\/uploads\/2019\/01\/21536-12325354-768x1152.jpg 768w, http:\/\/www.vekayachtmarine.com\/wp-content\/uploads\/2019\/01\/21536-12325354-97x146.jpg 97w, http:\/\/www.vekayachtmarine.com\/wp-content\/uploads\/2019\/01\/21536-12325354-33x50.jpg 33w, http:\/\/www.vekayachtmarine.com\/wp-content\/uploads\/2019\/01\/21536-12325354-50x75.jpg 50w, http:\/\/www.vekayachtmarine.com\/wp-content\/uploads\/2019\/01\/21536-12325354.jpg 1000w\" sizes=\"(max-width: 683px) 100vw, 683px\" \/><\/figure><\/li><li class=\"blocks-gallery-item\"><figure><img loading=\"lazy\" width=\"480\" height=\"400\" src=\"http:\/\/www.vekayachtmarine.com\/wp-content\/uploads\/2019\/01\/Marlin-Opacmare-Services-9-Small-480x400.jpg\" alt=\"\" data-id=\"456\" data-link=\"http:\/\/www.vekayachtmarine.com\/?attachment_id=456\" class=\"wp-image-456\" srcset=\"http:\/\/www.vekayachtmarine.com\/wp-content\/uploads\/2019\/01\/Marlin-Opacmare-Services-9-Small-480x400.jpg 480w, http:\/\/www.vekayachtmarine.com\/wp-content\/uploads\/2019\/01\/Marlin-Opacmare-Services-9-Small-480x400-300x250.jpg 300w, http:\/\/www.vekayachtmarine.com\/wp-content\/uploads\/2019\/01\/Marlin-Opacmare-Services-9-Small-480x400-175x146.jpg 175w, http:\/\/www.vekayachtmarine.com\/wp-content\/uploads\/2019\/01\/Marlin-Opacmare-Services-9-Small-480x400-50x42.jpg 50w, http:\/\/www.vekayachtmarine.com\/wp-content\/uploads\/2019\/01\/Marlin-Opacmare-Services-9-Small-480x400-90x75.jpg 90w\" sizes=\"(max-width: 480px) 100vw, 480px\" \/><\/figure><\/li><\/ul>\n\n\n\n<p style=\"text-align:center\" class=\"has-medium-font-size\"><strong>Besenzeni , Opacware markalar\u0131 \u00f6zel imalat vin\u00e7lerin servis bak\u0131m montajlar\u0131 yan\u0131 s\u0131ra imalat ve modifikasyonlar\u0131 yap\u0131l\u0131r.<\/strong><\/p>\n","protected":false},"excerpt":{"rendered":"<p>Besenzeni , Opacware markalar\u0131 \u00f6zel imalat vin\u00e7lerin servis bak\u0131m montajlar\u0131 yan\u0131 s\u0131ra imalat ve modifikasyonlar\u0131 yap\u0131l\u0131r.<\/p>\n","protected":false},"author":1,"featured_media":0,"parent":17,"menu_order":0,"comment_status":"closed","ping_status":"closed","template":"","meta":[],"_links":{"self":[{"href":"http:\/\/www.vekayachtmarine.com\/index.php?rest_route=\/wp\/v2\/pages\/310"}],"collection":[{"href":"http:\/\/www.vekayachtmarine.com\/index.php?rest_route=\/wp\/v2\/pages"}],"about":[{"href":"http:\/\/www.vekayachtmarine.com\/index.php?rest_route=\/wp\/v2\/types\/page"}],"author":[{"embeddable":true,"href":"http:\/\/www.vekayachtmarine.com\/index.php?rest_route=\/wp\/v2\/users\/1"}],"replies":[{"embeddable":true,"href":"http:\/\/www.vekayachtmarine.com\/index.php?rest_route=%2Fwp%2Fv2%2Fcomments&post=310"}],"version-history":[{"count":0,"href":"http:\/\/www.vekayachtmarine.com\/index.php?rest_route=\/wp\/v2\/pages\/310\/revisions"}],"up":[{"embeddable":true,"href":"http:\/\/www.vekayachtmarine.com\/index.php?rest_route=\/wp\/v2\/pages\/17"}],"wp:attachment":[{"href":"http:\/\/www.vekayachtmarine.com\/index.php?rest_route=%2Fwp%2Fv2%2Fmedia&parent=310"}],"curies":[{"name":"wp","href":"https:\/\/api.w.org\/{rel}","templated":true}]}}