{"id":345,"date":"2019-01-21T23:05:43","date_gmt":"2019-01-21T23:05:43","guid":{"rendered":"http:\/\/www.vekayachtmarine.com\/?page_id=345"},"modified":"2019-02-04T08:48:23","modified_gmt":"2019-02-04T08:48:23","slug":"hakkimizda","status":"publish","type":"page","link":"http:\/\/www.vekayachtmarine.com\/?page_id=345","title":{"rendered":"Hakk\u0131m\u0131zda"},"content":{"rendered":"\n<div class=\"wp-block-image\"><figure class=\"alignright is-resized\"><img loading=\"lazy\" src=\"http:\/\/www.vekayachtmarine.com\/wp-content\/uploads\/2019\/01\/logo34.png\" alt=\"\" class=\"wp-image-557\" width=\"230\" height=\"121\" srcset=\"http:\/\/www.vekayachtmarine.com\/wp-content\/uploads\/2019\/01\/logo34.png 738w, http:\/\/www.vekayachtmarine.com\/wp-content\/uploads\/2019\/01\/logo34-300x159.png 300w, http:\/\/www.vekayachtmarine.com\/wp-content\/uploads\/2019\/01\/logo34-260x138.png 260w, http:\/\/www.vekayachtmarine.com\/wp-content\/uploads\/2019\/01\/logo34-50x26.png 50w, http:\/\/www.vekayachtmarine.com\/wp-content\/uploads\/2019\/01\/logo34-142x75.png 142w\" sizes=\"(max-width: 230px) 100vw, 230px\" \/><\/figure><\/div>\n\n\n\n<p style=\"text-align:left\" class=\"has-text-color has-medium-font-size has-very-dark-gray-color\">Veka Yacht Marine , Evinrude , Tohatsu , markalar\u0131n\u0131n yetkili servisli\u011fi yan\u0131 s\u0131ra Seadoo Jetski , Mercury , Mercruiser , Cummins , Suzuki deniz motorlar\u0131n\u0131n da \u00f6zel servisli\u011fi hizmetlerini vermektedir. <\/p>\n\n\n\n<p style=\"text-align:left\" class=\"has-text-color has-medium-font-size has-very-dark-gray-color\">Veka Yacht b\u00fcnyesinde ba\u015f pervane , hidrolik sistemler , pasarella , vin\u00e7 ve jenerat\u00f6r tamir , bak\u0131m , imalat ve montajlar\u0131n\u0131 deneyimli profesyonel ekiplerimiz taraf\u0131ndan kaliteli ve g\u00fcvenilir hizmet sunmaktad\u0131r.<\/p>\n","protected":false},"excerpt":{"rendered":"<p>Veka Yacht Marine , Evinrude , Tohatsu , markalar\u0131n\u0131n yetkili servisli\u011fi yan\u0131 s\u0131ra Seadoo Jetski , Mercury , Mercruiser , Cummins , Suzuki deniz motorlar\u0131n\u0131n da<span class=\"excerpt-hellip\"> [\u2026]<\/span><\/p>\n","protected":false},"author":1,"featured_media":0,"parent":0,"menu_order":0,"comment_status":"closed","ping_status":"closed","template":"","meta":[],"_links":{"self":[{"href":"http:\/\/www.vekayachtmarine.com\/index.php?rest_route=\/wp\/v2\/pages\/345"}],"collection":[{"href":"http:\/\/www.vekayachtmarine.com\/index.php?rest_route=\/wp\/v2\/pages"}],"about":[{"href":"http:\/\/www.vekayachtmarine.com\/index.php?rest_route=\/wp\/v2\/types\/page"}],"author":[{"embeddable":true,"href":"http:\/\/www.vekayachtmarine.com\/index.php?rest_route=\/wp\/v2\/users\/1"}],"replies":[{"embeddable":true,"href":"http:\/\/www.vekayachtmarine.com\/index.php?rest_route=%2Fwp%2Fv2%2Fcomments&post=345"}],"version-history":[{"count":18,"href":"http:\/\/www.vekayachtmarine.com\/index.php?rest_route=\/wp\/v2\/pages\/345\/revisions"}],"predecessor-version":[{"id":578,"href":"http:\/\/www.vekayachtmarine.com\/index.php?rest_route=\/wp\/v2\/pages\/345\/revisions\/578"}],"wp:attachment":[{"href":"http:\/\/www.vekayachtmarine.com\/index.php?rest_route=%2Fwp%2Fv2%2Fmedia&parent=345"}],"curies":[{"name":"wp","href":"https:\/\/api.w.org\/{rel}","templated":true}]}}